greatest common factor of 60368 and 4?
4
What is the highest common divisor of 163916 and 43?
43
What is the greatest common divisor of 10777 and 1729?
13
What is the highest common divisor of 14088312 and 72?
72
What is the highest common factor of 160 and 431760?
80
What is the greatest common divisor of 3507 and 200901?
501
Calculate the greatest common factor of 7639107 and 21.
21
Calculate the highest common factor of 714 and 112.
14
What is the greatest common divisor of 4600 and 642275?
575
What is the highest common divisor of 1792 and 180544?
448
What is the highest common divisor of 48994 and 408?
34
What is the highest common divisor of 7446 and 153300?
438
What is the greatest common divisor of 18265 and 35687?
281
Calculate the highest common divisor of 57352 and 9782.
134
What is the greatest common factor of 55929 and 1236?
309
What is the highest common factor of 42900 and 530?
10
What is the highest common divisor of 2162253 and 138?
69
What is the highest common divisor of 128454 and 12?
6
What is the highest common factor of 110824 and 212?
4
Calculate the greatest common divisor of 6015 and 1215.
15
What is the highest common divisor of 81 and 228447?
27
What is the greatest common factor of 144325 and 502?
251
Calculate the greatest common factor of 55 and 53746.
11
Calculate the highest common factor of 8 and 20887.
1
What is the highest common factor of 8 and 7450904?
8
Calculate the greatest common factor of 17008 and 48.
16
What is the greatest common divisor of 358454 and 608?
38
What is the greatest common divisor of 2106 and 40284?
54
Calculate the highest common factor of 64 and 7864.
8
Calculate the highest common divisor of 1059339 and 1084.
271
What is the highest common factor of 577579 and 917?
131
What is the greatest common factor of 86432 and 114848?
1184
What is the greatest common factor of 353 and 2014924?
353
Calculate the greatest common factor of 2312 and 1256.
8
Calculate the highest common divisor of 59 and 42421.
59
Calculate the highest common factor of 16226 and 2698.
38
What is the greatest common divisor of 74499 and 51?
3
Calculate the greatest common divisor of 62604 and 37.
37
What is the highest common factor of 977464 and 1464?
488
What is the greatest common divisor of 284 and 17466?
142
Calculate the highest common factor of 140 and 6286.
14
What is the greatest common factor of 33 and 934?
1
Calculate the highest common factor of 20032 and 66356.
1252
What is the highest common divisor of 855 and 7866?
171
What is the greatest common factor of 7261368 and 696?
696
What is the highest common divisor of 81634 and 238?
238
What is the greatest common divisor of 2 and 295380?
2
What is the greatest common divisor of 671475 and 9?
3
What is the highest common factor of 667 and 78338?
23
Calculate the highest common factor of 459 and 598179.
51
Calculate the highest common divisor of 275 and 809600.
275
What is the greatest common divisor of 1086807 and 1005?
201
Calculate the highest common divisor of 6076 and 58373.
217
Calculate the highest common factor of 151 and 73839.
151
Calculate the greatest common divisor of 1631079 and 3843.
549
What is the greatest common divisor of 76 and 32566?
38
Calculate the greatest common factor of 92930 and 40.
10
Calculate the greatest common divisor of 7904 and 147706.
494
What is the greatest common factor of 1242207 and 1955?
391
Calculate the highest common divisor of 15865 and 855.
95
Calculate the highest common factor of 3633 and 2225818.
1211
Calculate the greatest common divisor of 71928 and 3456.
216
What is the greatest common factor of 969276 and 420?
84
Calculate the highest common factor of 14415 and 135.
15
What is the highest common divisor of 1169 and 279391?
1169
Calculate the greatest common factor of 165979 and 2607.
869
What is the highest common divisor of 56 and 3269?
7
Calculate the greatest common factor of 37816 and 696.
232
Calculate the highest common divisor of 513 and 1671867.
513
Calculate the greatest common divisor of 438 and 1902.
6
What is the greatest common factor of 654 and 16026?
6
Calculate the greatest common divisor of 416080 and 160.
80
What is the highest common divisor of 61532 and 16?
4
Calculate the highest common divisor of 4692096 and 768.
384
What is the highest common factor of 372 and 6045?
93
Calculate the highest common factor of 57475 and 5445.
605
Calculate the highest common factor of 3672 and 53082.
54
What is the greatest common factor of 9 and 858123?
9
What is the greatest common factor of 132 and 25068?
12
What is the greatest common divisor of 141 and 53909?
47
What is the greatest common factor of 5679986 and 26?
26
Calculate the greatest common factor of 47547 and 81.
81
What is the highest common factor of 7746155 and 2195?
2195
Calculate the greatest common divisor of 444 and 554556.
444
Calculate the highest common divisor of 120 and 374856.
24
Calculate the greatest common factor of 191022 and 12.
6
What is the greatest common factor of 22363 and 2145?
11
Calculate the greatest common factor of 16575 and 22425.
975
What is the highest common divisor of 901 and 1989?
17
Calculate the greatest common factor of 30018 and 12.
6
Calculate the highest common factor of 3421 and 8.
1
Calculate the highest common divisor of 478020 and 2790.
930
What is the highest common divisor of 383 and 166988?
383
What is the greatest common factor of 703 and 4997?
19
What is the greatest common factor of 725 and 1855?
5
What is the greatest common divisor of 5610 and 3630?
330
What is the greatest common factor of 25318 and 8?
2
What is the highest common divisor of 35 and 6349?
7
What is the highest common factor of 188 and 65753?
47
What is the highest common divisor of 1905 and 1612265?
635
Calculate the highest common factor of 635 and 5715.
635
Calculate the highest common divisor of 83439 and 12483.
657
What is the highest common divisor of 28 and 10199?
7
Calculate the highest common factor of 25631 and 74195.
1349
Calculate the highest common factor of 20 and 188290.
10
What is the highest common factor of 220 and 645370?
110
Calculate the greatest common factor of 27 and 60966.
27
Calculate the greatest common factor of 19 and 265734.
19
What is the greatest common divisor of 44832 and 60?
12
What is the highest common factor of 23532 and 1332?
444
Calculate the greatest common factor of 129 and 381.
3
Calculate the highest common factor of 212 and 2077494.
106
What is the highest common factor of 1989 and 8736?
39
What is the highest common divisor of 178 and 302?
2
Calculate the highest common factor of 51720 and 195.
15
Calculate the highest common factor of 170 and 5134.
34
What is the highest common divisor of 2380 and 161126?
238
Calculate the greatest common factor of 1942 and 729221.
971
What is the highest common divisor of 20 and 11460?
20
What is the highest common factor of 2651490 and 3060?
1530
What is the greatest common factor of 30 and 155370?
30
What is the greatest common factor of 140690 and 5720?
110
Calculate the greatest common divisor of 337745 and 155.
155
Calculate the greatest common divisor of 383630 and 180.
10
Calculate the highest common factor of 2639 and 1566.
29
Calculate the greatest common divisor of 504 and 962568.
72
Calculate the highest common divisor of 623 and 434.
7
Calculate the greatest common divisor of 13 and 153803.
13
What is the greatest common divisor of 2736 and 2204?
76
Calculate the highest common divisor of 86014 and 174.
58
What is the greatest common divisor of 916 and 172?
4
Calculate the highest common factor of 213 and 102.
3
What is the highest common divisor of 1710 and 63080?
190
What is the greatest common factor of 1048 and 7332856?
1048
Calculate the greatest common factor of 57629 and 13.
13
What is the highest common factor of 5704 and 63480?
184
What is the highest common factor of 300 and 376050?
150
Calculate the highest common factor of 1624 and 88160.
232
What is the highest common divisor of 28 and 93170?
14
What is the greatest common factor of 22 and 1212167?
11
What is the highest common divisor of 1216 and 5248?
64
What is the greatest common factor of 747668 and 12?
4
Calculate the highest common factor of 3482 and 